ose 5*j + 23 = -2*u, 4*u + 9 + 2 = -3*j. What is the highest common divisor of z and u?
1
Suppose q - 325 = 6*q. Let h = -20 - q. Suppose 0 = -b - 6 + 15. Calculate the greatest common factor of h and b.
9
Suppose -323 = -10*h + 487. Calculate the greatest common factor of h and 9.
9
Suppose 0 = 4*v + 7 - 75. Calculate the greatest common factor of 68 and v.
17
Let k(g) = g - 1. Let d be k(-4). Let f be d + 5 - 7/(-1). Suppose -f + 31 = 2*o. What is the highest common factor of o and 36?
12
Suppose v = -0 + 4. Suppose 0 = -3*g + 2*i + 34, -i = v*g - 65 + 16. Let k = 3 - -21. Calculate the highest common factor of g and k.
12
Suppose 0*v + v = 50. Calculate the greatest common divisor of v and 20.
10
Let z be (-320)/(-8)*1/1. Suppose -2*v = 5*h + v - 46, -4*v = 4*h - z. Calculate the greatest common divisor of h and 64.
8
Suppose a - 35 = -5*v, a + 0*v - 23 = -2*v. Calculate the highest common divisor of 195 and a.
15
Let t(o) = -o**3 + 8*o**2 - 5*o + 4. Let h be t(5). Calculate the greatest common factor of 6 and h.
6
Suppose -3*o + 165 = -d - 0*d, -2*d - 162 = -3*o. Suppose 9*f - 31 = 32. Calculate the highest common divisor of f and o.
7
Let c = -122 + 144. What is the greatest common divisor of 33 and c?
11
Suppose h + 11 = -3*w - 0*w, h - 5 = 5*w. Let r be (-1)/(3/30*w). Let g be 2/r - (-3)/5. What is the greatest common divisor of g and 1?
1
Let z(y) = y**3 + 11*y**2 + 9*y - 8. Suppose -1 - 19 = 2*i. Let u be z(i). What is the highest common factor of 2 and u?
2
Suppose -5*z - 15 = 0, 3*h + 2 = -4*z + 1166. Let l = h + -230. What is the highest common divisor of 18 and l?
18
Let m be 1/(-2)*(-5 + 1). Let o be (-3 - (m - 3))/(-1). Let u be 14/10 - 4/10. Calculate the highest common divisor of o and u.
1
Let o(j) = -j**2 - 5*j - 4. Let a be o(-3). What is the highest common divisor of a and 4?
2
Let l be (10/3)/(3/(-9)). Let h = l - -15. Calculate the highest common factor of h and 1.
1
Let p = 12 - -15. What is the highest common divisor of 18 and p?
9
Suppose -3*n = 4*i - 164, -4*i = -n - 3*i + 43. Calculate the highest common factor of 12 and n.
12
Let s = 17 + -8. Let h(a) = a**2 - a + 2 - 1 - 10. Let g be h(9). What is the greatest common divisor of g and s?
9
Let g = 27 - 24. Suppose 5*z - 2*s = 2*s + 44, 36 = 2*z + g*s. Calculate the highest common divisor of z and 132.
12
Let x = -84 - -94. Suppose -26 = 5*k - 11, 0 = 4*h - k - 23. What is the greatest common divisor of h and x?
5
Suppose 243 = -3*s - 0*s. Let b = -57 - s. Calculate the highest common factor of b and 192.
24
Let t be (-2004)/(-48) - (-1)/4. Calculate the highest common divisor of t and 21.
21
Let j = 42 - 29. Calculate the greatest common factor of j and 117.
13
Let h = -5 + 15. Let w be 80/(3/(-3) + 2). Calculate the highest common divisor of h and w.
10
Suppose -2*z = 2*m + 3*z - 15, -5*z + 5 = 0. Suppose -m = -5*k + 10. Suppose 0 = k*o - 113 - 187. What is the greatest common divisor of 10 and o?
10
Let s be (0 - -1) + 4 + 55. Let d(a) be the first derivative of 25*a**2/2 - a + 1. Let b be d(1). Calculate the highest common factor of b and s.
12
Suppose -4*j = -4*d + 44, 4*j + 0*j = 0. Let v = -143 - -264. What is the highest common divisor of d and v?
11
Suppose 8 = -2*m + 4*m. Suppose 2*h = -2*v + 18, -4*v - 11 = -2*h + 1. What is the greatest common factor of h and m?
4
Suppose 2*s + 2 = 0, 2*j - 3*s - 5 = 28. Suppose o - 20 = j. Calculate the highest common factor of o and 14.
7
Let s be (-3)/(-6)*(-2 - -16). Let o = 39 + -25. Suppose 2*r - 4*r = -o. Calculate the greatest common factor of r and s.
7
Suppose -s + 52 = 2*p, -5*p = -2*s - 0*s + 140. What is the highest common divisor of s and 40?
20
Suppose -2*d - 2*q + 54 = -0*d, 71 = 3*d + 5*q. Calculate the highest common divisor of d and 128.
32
Suppose 0 = 42*y - 45*y + 12. What is the greatest common factor of y and 3?
1
Suppose -x + 5*x - 14 = -2*r, -4*x - 5*r = -5. Suppose -99 = -x*t - 29. What is the greatest common divisor of t and 14?
14
Let y(m) = m**3 + 2*m**2 - 7*m + 123. Let a be y(0). Calculate the greatest common factor of a and 41.
41
Suppose 5*u - 2*a = 33, 3*a + 0*a - 8 = -4*u. What is the greatest common factor of u and 20?
5
Let f(c) = c**2 + 1. Let o be f(-1). Let d be (-4)/3*(-3)/o. Let i(h) = -h**2 + 11*h - 20. Let u be i(8). What is the greatest common divisor of d and u?
2
Let g be (45/(-10))/(1/(-6)). Let l = g + -3. Let s be ((-6)/(-4))/(2/l). What is the greatest common factor of 45 and s?
9
Let q(d) = -11*d. Let y be q(-4). Calculate the highest common factor of y and 220.
44
Let h be (12 - 3)*(18 + 1). What is the greatest common divisor of 19 and h?
19
Suppose -3*w + 54 = -0*w. Suppose 2*s = 2*r - 4 + w, 0 = -2*r + 4. Let x be (-4)/(-3)*(s + 0). Calculate the greatest common divisor of 84 and x.
12
Let b = 0 - -2. Let t(n) = n**3 + 4*n**2 - 2*n - 5. Let g be t(-4). Suppose g*l - 35 = -b*l. Calculate the greatest common divisor of l and 1.
1
Suppose -5*j + 168 + 72 = 0. Calculate the highest common divisor of 12 and j.
12
Suppose -15*b = -18*b + 210. What is the highest common factor of 28 and b?
14
Let u(d) be the second derivative of d**5/20 - d**4/3 - 7*d**2/2 - 4*d. Let y be u(5). Calculate the highest common divisor of 6 and y.
6
Let b = 32 - 22. What is the greatest common divisor of 50 and b?
10
Let t = 62 - 52. Calculate the greatest common divisor of 80 and t.
10
Suppose 149 = 5*q - 136. Calculate the greatest common factor of 38 and q.
19
Suppose 0 = -0*m + 3*m - 6. Let j be (-114)/(-2)*(-15)/(-9). Suppose -5*h + 2*c + j = -c, 0 = -3*h + 2*c + 58. Calculate the highest common factor of m and h.
2
Suppose -30 = 2*v + 5*z - 9, -v = 4*z + 18. Let a be 6*4/(v - 0). Suppose -5*f + a = -f, -3*f = 4*w - 521. Calculate the highest common factor of w and 16.
16
Let x(n) = 20*n. Let d(j) = j**2 + 3*j + 2. Let k be d(-2). Suppose 3 + k = 3*q. Let u be x(q). Calculate the highest common factor of 160 and u.
20
Let c be 46/3 + 1/(-3). What is the greatest common factor of 120 and c?
15
Let u = 47 - 28. What is the greatest common factor of 171 and u?
19
Let j = -17 + 23. Let s(r) = 13*r - 2. Let c be s(2). What is the greatest common divisor of c and j?
6
Let o = -320 + 451. Suppose 34 = 5*v - o. What is the greatest common factor of v and 11?
11
Let k(d) = 5*d**2 + 14*d + 9. Let c be k(-6). Suppose 2*i + 2 = -3*q + 17, -65 = -5*i - 2*q. What is the greatest common divisor of c and i?
15
Suppose -10*c + 1815 = c. What is the highest common factor of 15 and c?
15
Let f(j) = 271*j + 6. Let g be f(-6). Let n be (2/4)/((-5)/g). What is the highest common factor of n and 18?
18
Let f = -3 - -4. Calculate the highest common divisor of 1 and f.
1
Let m(l) be the first derivative of -l**3/3 + 4*l**2 + 3*l - 2. Let z be m(5). What is the greatest common divisor of z and 12?
6
Let u = 327 - 173. Let a be 656/30 + 48/360. Calculate the highest common divisor of u and a.
22
Let h be (122 - -4)/2 - -2. What is the greatest common divisor of h and 26?
13
Suppose 3*u = -5*i + 8*u, 0 = 5*i - 3*u - 10. What is the highest common divisor of 55 and i?
5
Let r be (-25)/10*(-26)/5. What is the highest common factor of r and 13?
13
Let p be -7*3/(-6)*2. Suppose 0 = 3*u - p*u + 2*r - 10, 0 = -2*u + 4*r - 8. Let t be 1*(0 + u) + 18. Calculate the greatest common divisor of t and 176.
16
Let j(t) = -13*t - 99. Let n be j(-8). Let z(w) = 3*w**2 + 3*w - 3. Let c be z(-3). Calculate the greatest common divisor of n and c.
5
Let q be (2 - -1)*47 + (-9)/3. What is the highest common divisor of q and 46?
46
Let k = 220 + -100. Suppose 0 = 2*i + 2*i - k. Calculate the highest common factor of 6 and i.
6
Suppose 0 = 2*x - 27 - 39. What is the greatest common divisor of 11 and x?
11
Let v(k) = 7*k**3 - k**2 + 3*k - 1. Let o be v(2). Suppose 3*r - o = 9. What is the greatest common divisor of 33 and r?
11
Let c(v) = 13*v - 17. Let s be c(5). What is the greatest common factor of s and 12?
12
Let y(p) be the third derivative of p**6/120 - p**5/12 + p**4/4 - p**3 - p**2. Let c be y(4). Calculate the greatest common factor of c and 1.
1
Suppose -3*w + 4*w = 9. Suppose 18*v = 7*v + 1089. Calculate the greatest common divisor of v and w.
9
Suppose 0 = -3*h - 0 + 6. Suppose 3 = -5*c - 4*d + 56, 0 = 2*c - h*d - 32. Wha